19
Calculate the remainder when 314 is divided by 10.
4
What is the remainder when 18678 is divided by 20?
18
Calculate the remainder when 2737 is divided by 83.
81
What is the remainder when 402 is divided by 13?
12
Calculate the remainder when 1112 is divided by 21.
20
What is the remainder when 36 is divided by 21?
15
What is the remainder when 440 is divided by 25?
15
Calculate the remainder when 75 is divided by 7.
5
What is the remainder when 58 is divided by 11?
3
What is the remainder when 147 is divided by 8?
3
Calculate the remainder when 791 is divided by 285.
221
What is the remainder when 215 is divided by 77?
61
Calculate the remainder when 303 is divided by 31.
24
What is the remainder when 57 is divided by 10?
7
What is the remainder when 264 is divided by 11?
0
What is the remainder when 201 is divided by 44?
25
What is the remainder when 6592 is divided by 19?
18
Calculate the remainder when 2646 is divided by 25.
21
What is the remainder when 828 is divided by 60?
48
What is the remainder when 123 is divided by 36?
15
Calculate the remainder when 1349 is divided by 18.
17
Calculate the remainder when 1245 is divided by 26.
23
Calculate the remainder when 609 is divided by 36.
33
What is the remainder when 144 is divided by 139?
5
Calculate the remainder when 159 is divided by 46.
21
What is the remainder when 271 is divided by 17?
16
What is the remainder when 438 is divided by 49?
46
What is the remainder when 236 is divided by 7?
5
Calculate the remainder when 79 is divided by 14.
9
Calculate the remainder when 18 is divided by 9.
0
What is the remainder when 394 is divided by 80?
74
What is the remainder when 458 is divided by 20?
18
What is the remainder when 461 is divided by 26?
19
Calculate the remainder when 177 is divided by 17.
7
Calculate the remainder when 991 is divided by 144.
127
What is the remainder when 749 is divided by 229?
62
What is the remainder when 2522 is divided by 29?
28
What is the remainder when 647 is divided by 635?
12
What is the remainder when 28 is divided by 10?
8
What is the remainder when 114 is divided by 35?
9
Calculate the remainder when 115 is divided by 39.
37
Calculate the remainder when 923 is divided by 97.
50
Calculate the remainder when 393 is divided by 76.
13
What is the remainder when 435 is divided by 28?
15
What is the remainder when 474 is divided by 231?
12
Calculate the remainder when 58 is divided by 21.
16
Calculate the remainder when 265 is divided by 59.
29
What is the remainder when 1016 is divided by 102?
98
What is the remainder when 382 is divided by 371?
11
Calculate the remainder when 272 is divided by 55.
52
What is the remainder when 1204 is divided by 93?
88
What is the remainder when 49 is divided by 25?
24
What is the remainder when 1036 is divided by 22?
2
Calculate the remainder when 64 is divided by 58.
6
What is the remainder when 2383 is divided by 19?
8
Calculate the remainder when 1210 is divided by 4.
2
What is the remainder when 61 is divided by 33?
28
What is the remainder when 78 is divided by 8?
6
What is the remainder when 15181 is divided by 52?
49
Calculate the remainder when 78 is divided by 52.
26
What is the remainder when 3178 is divided by 37?
33
Calculate the remainder when 285 is divided by 92.
9
Calculate the remainder when 142 is divided by 24.
22
What is the remainder when 233 is divided by 54?
17
Calculate the remainder when 928 is divided by 39.
31
Calculate the remainder when 428 is divided by 39.
38
What is the remainder when 43286 is divided by 15?
11
What is the remainder when 249 is divided by 17?
11
What is the remainder when 2699 is divided by 53?
49
What is the remainder when 713 is divided by 248?
217
Calculate the remainder when 1108 is divided by 279.
271
Calculate the remainder when 60 is divided by 54.
6
Calculate the remainder when 341 is divided by 111.
8
What is the remainder when 803 is divided by 51?
38
What is the remainder when 217 is divided by 10?
7
Calculate the remainder when 79 is divided by 10.
9
Calculate the remainder when 2637 is divided by 19.
15
What is the remainder when 152 is divided by 28?
12
What is the remainder when 942 is divided by 97?
69
Calculate the remainder when 993 is divided by 103.
66
What is the remainder when 1444 is divided by 709?
26
What is the remainder when 1503 is divided by 76?
59
What is the remainder when 236 is divided by 12?
8
What is the remainder when 345 is divided by 50?
45
Calculate the remainder when 77 is divided by 5.
2
What is the remainder when 179 is divided by 36?
35
What is the remainder when 79 is divided by 48?
31
What is the remainder when 111 is divided by 26?
7
Calculate the remainder when 95 is divided by 31.
2
What is the remainder when 3939 is divided by 65?
39
Calculate the remainder when 736 is divided by 522.
214
Calculate the remainder when 224 is divided by 11.
4
Calculate the remainder when 800 is divided by 166.
136
What is the remainder when 3018 is divided by 1500?
18
What is the remainder when 836 is divided by 301?
234
What is the remainder when 1130 is divided by 54?
50
Calculate the remainder when 637 is divided by 147.
49
What is the remainder when 292 is divided by 49?
47
What is the remainder when 6649 is divided by 98?
83
Calculate the remainder when 19 is divided by 3.
1
Calculate the remainder when 71 is divided by 32.
7
Calculate the remainder when 459 is divided by 10.
9
What is the remainder when 3122 is divided by 3120?
2
What is the remainder when 233 is divided by 45?
8
Calculate the remainder when 18 is divided by 7.
4
What is the remainder when 179 is divided by 95?
84
What is the remainder when 3601 is divided by 59?
2
What is the remainder when 3575 is divided by 66?
11
What is the remainder when 411 is divided by 46?
43
Calculate the remainder when 64 is divided by 18.
10
Calculate the remainder when 353 is divided by 32.
1
Calculate the remainder when 419 is divided by 7.
6
What is the remainder when 409 is divided by 4?
1
What is the remainder when 148 is divided by 79?
69
Calculate the remainder when 431 is divided by 27.
26
Calculate the remainder when 517 is divided by 250.
17
Calculate the remainder when 605 is divided by 542.
63
What is the remainder when 164 is divided by 85?
79
What is the remainder when 244 is divided by 78?
10
Calculate the remainder when 173 is divided by 37.
25
Calculate the remainder when 4913 is divided by 1634.
11
What is the remainder when 20903 is divided by 67?
66
Calculate the remainder when 135 is divided by 2.
1
What is the remainder when 346 is divided by 167?
12
What is the remainder when 290 is divided by 25?
15
Calculate the remainder when 11870 is divided by 16.
14
What is the remainder when 215 is divided by 44?
39
Calculate the remainder when 148 is divided by 48.
4
Calculate the remainder when 791 is divided by 16.
7
What is the remainder when 2023 is divided by 23?
22
What is the remainder when 1728 is divided by 133?
132
What is the remainder when 81 is divided by 21?
18
Calculate the remainder when 128 is divided by 17.
9
What is the remainder when 134 is divided by 9?
8
Calculate the remainder when 1721 is divided by 116.
97
What is the remainder when 105 is divided by 14?
7
Calculate the remainder when 4147 is divided by 1036.
3
What is the remainder when 216 is divided by 47?
28
Calculate the remainder when 2571 is divided by 7.
2
Calculate the remainder when 70 is divided by 39.
31
What is the remainder when 546 is divided by 154?
84
Calculate the remainder when 386 is divided by 1.
0
Calculate the remainder when 211 is divided by 79.
53
What is the remainder when 334 is divided by 88?
70
What is the remainder when 185 is divided by 96?
89
What is the remainder when 720 is divided by 116?
24
Calculate the remainder when 157 is divided by 10.
7
What is the remainder when 146 is divided by 21?
20
What is the remainder when 18 is divided by 3?
0
Calculate the remainder when 176 is divided by 142.
34
What is the remainder when 4174 is divided by 41?
33
Calculate the remainder when 74 is divided by 16.
10
Calculate the remainder when 246 is divided by 64.
54
Calculate the remainder when 33865 is divided by 4.
1
Calculate the remainder when 372 is divided by 47.
43
W